s the tens digit of 15378463?
6
What is the units digit of 69358?
8
What is the hundreds digit of 2855175?
1
What is the tens digit of 222669?
6
What is the hundred thousands digit of 872898?
8
What is the tens digit of 445137?
3
What is the units digit of 249049?
9
What is the units digit of 8310383?
3
What is the units digit of 382897?
7
What is the tens digit of 1740823?
2
What is the units digit of 3432826?
6
What is the hundreds digit of 229989?
9
What is the ten thousands digit of 1088489?
8
What is the units digit of 1108284?
4
What is the hundred thousands digit of 386496?
3
What is the ten thousands digit of 79266?
7
What is the units digit of 287301?
1
What is the thousands digit of 4465132?
5
What is the ten thousands digit of 2067667?
6
What is the ten thousands digit of 13989566?
8
What is the ten millions digit of 26899577?
2
What is the ten thousands digit of 283724?
8
What is the ten thousands digit of 1289980?
8
What is the hundreds digit of 120244?
2
What is the thousands digit of 205123?
5
What is the units digit of 1260353?
3
What is the hundreds digit of 46506?
5
What is the tens digit of 103120?
2
What is the thousands digit of 1209559?
9
What is the tens digit of 864690?
9
What is the ten thousands digit of 4090108?
9
What is the ten thousands digit of 8313702?
1
What is the thousands digit of 297655?
7
What is the tens digit of 213017?
1
What is the ten thousands digit of 1562708?
6
What is the hundred thousands digit of 572459?
5
What is the tens digit of 795667?
6
What is the hundred thousands digit of 643938?
6
What is the tens digit of 354250?
5
What is the units digit of 386025?
5
What is the hundred thousands digit of 2726292?
7
What is the thousands digit of 26342356?
2
What is the millions digit of 4741111?
4
What is the hundred thousands digit of 128007?
1
What is the tens digit of 9938727?
2
What is the units digit of 712391?
1
What is the thousands digit of 20373326?
3
What is the hundred thousands digit of 2171996?
1
What is the units digit of 230519?
9
What is the millions digit of 1287477?
1
What is the hundreds digit of 6252646?
6
What is the hundreds digit of 3003990?
9
What is the ten thousands digit of 2369511?
6
What is the hundreds digit of 12484320?
3
What is the hundreds digit of 3514194?
1
What is the hundreds digit of 81563?
5
What is the thousands digit of 222410?
2
What is the units digit of 207452?
2
What is the units digit of 206303?
3
What is the hundred thousands digit of 202877?
2
What is the tens digit of 427468?
6
What is the hundred thousands digit of 520618?
5
What is the thousands digit of 422161?
2
What is the ten millions digit of 13093170?
1
What is the units digit of 949641?
1
What is the hundred thousands digit of 3384503?
3
What is the tens digit of 8221309?
0
What is the units digit of 579233?
3
What is the tens digit of 1190258?
5
What is the hundreds digit of 1334589?
5
What is the units digit of 460919?
9
What is the millions digit of 1556289?
1
What is the thousands digit of 5200319?
0
What is the hundreds digit of 276725?
7
What is the millions digit of 34658984?
4
What is the thousands digit of 290644?
0
What is the hundred thousands digit of 5906543?
9
What is the ten thousands digit of 413259?
1
What is the hundred thousands digit of 4821311?
8
What is the hundreds digit of 148663?
6
What is the tens digit of 402?
0
What is the tens digit of 4023486?
8
What is the hundreds digit of 570944?
9
What is the tens digit of 5758185?
8
What is the thousands digit of 795708?
5
What is the hundred thousands digit of 621167?
6
What is the tens digit of 637718?
1
What is the tens digit of 658574?
7
What is the hundreds digit of 52294?
2
What is the thousands digit of 13409448?
9
What is the hundreds digit of 1638286?
2
What is the hundreds digit of 8439846?
8
What is the units digit of 2612442?
2
What is the tens digit of 341706?
0
What is the tens digit of 1885991?
9
What is the thousands digit of 4018218?
8
What is the millions digit of 5976444?
5
What is the tens digit of 1904072?
7
What is the ten thousands digit of 165465?
6
What is the hundred thousands digit of 6583000?
5
What is the units digit of 3449534?
4
What is the tens digit of 51681?
8
What is the hundreds digit of 668932?
9
What is the tens digit of 1039123?
2
What is the units digit of 315999?
9
What is the ten thousands digit of 928864?
2
What is the ten millions digit of 19372131?
1
What is the tens digit of 574484?
8
What is the thousands digit of 417842?
7
What is the tens digit of 598722?
2
What is the tens digit of 11610087?
8
What is the hundreds digit of 9506?
5
What is the hundred thousands digit of 2916495?
9
What is the units digit of 108385?
5
What is the tens digit of 6594156?
5
What is the thousands digit of 890661?
0
What is the thousands digit of 11018744?
8
What is the thousands digit of 1634251?
4
What is the units digit of 667892?
2
What is the tens digit of 211391?
9
What is the units digit of 330908?
8
What is the ten thousands digit of 200902?
0
What is the units digit of 81476?
6
What is the tens digit of 280942?
4
What is the hundred thousands digit of 107499?
1
What is the millions digit of 4987025?
4
What is the ten millions digit of 13999061?
1
What is the hundred thousands digit of 717445?
7
What is the hundreds digit of 277744?
7
What is the units digit of 346327?
7
What is the tens digit of 699433?
3
What is the ten thousands digit of 3863509?
6
What is the hundreds digit of 870409?
4
What is the thousands digit of 32878?
2
What is the hundreds digit of 1800717?
7
What is the units digit of 1053834?
4
What is the thousands digit of 4908989?
8
What is the thousands digit of 156163?
6
What is the hundreds digit of 1820414?
4
What is the units digit of 7516049?
9
What is the thousands digit of 6566899?
6
What is the tens digit of 5619435?
3
What is the thousands digit of 4208401?
8
What is the units digit of 5080983?
3
What is the millions digit of 3044799?
3
What is the ten thousands digit of 625932?
2
What is the hundred thousands digit of 107125?
1
What is the units digit of 261689?
9
What is the hundred thousands digit of 356935?
3
What is the units digit of 2169695?
5
What is the millions digit of 3691502?
3
What is the tens digit of 713293?
9
What is the ten thousands digit of 32576168?
7
What is the hundred thousands digit of 103047?
1
What is the hundred thousands digit of 183040?
1
What is the hundreds digit of 171692?
6
What is the millions digit of 19825962?
9
What is the thousands digit of 2090869?
0
What is the ten thousands digit of 9119987?
1
What is the ten thousands digit of 2575670?
7
What is the ten thousands digit of 530468?
3
What is the units digit of 508686?
6
What is the thousands digit of 214231?
4
What is the thousands digit of 3973615?
3
What is the units digit of 51200?
0
What is the tens digit of 331475?
7
What is the tens digit of 36045412?
1
What is the thousands digit of 248037?
8
What is the millions digit of 2865860?
2
What is the hundred thousands digit of 34967002?
9
What is the hundreds digit of 17351550?
5
What is the units digit of 2351436?
6
What is the hundred thousands digit of 18464758?
4
What is the units digit of 19370226?
6
What is the units digit of 3312000?
0
What is the units digit of 835880?
0
What is the thousands digit of 1153525?
3
What is the ten thousands digit of 461227?
6
What is the hundreds digit of 2410396?
3
What is the units digit of 286821?
1
What is the hundreds digit of 3702?
7
What is the tens digit of 923130?
3
What is the thousands digit of 676978?
6
What is the thousands digit of 672282?
2
What is the ten millions digit of 20669804?
2
What is the hundred thousands digit of 346118?
3
What is the tens digit of 107656?
5
What is the tens digit of 148189?
8
What is the hundred thousands digit of 648071?
6
What is the units digit of 1016476?
6
What is the hundred thousands digit of 12805835?
8
What is the hundreds digit of 523202?
2
What is the hundreds digit of 7349390?
3
What is the tens digit of 7854585?
8
What is the thousands digit of 1972085?
2
What is the ten thousands digit of 328312?
2
What is the hundreds digit of 17704036?
0
What is the thousands digit of 11931724?
1
What is the hundred thousands digit of 4291